base 5, what is 323 - 1424240323?
-1424240000
In base 13, what is -195 + -78696?
-7885b
In base 13, what is 337bb05 - 3?
337bb02
In base 6, what is 1003 + -11321515?
-11320512
In base 16, what is -19c - -2ae12?
2ac76
In base 13, what is -20ca746 - 0?
-20ca746
In base 14, what is 6d0 - -308?
9d8
In base 15, what is -3 + 15bb8277?
15bb8274
In base 16, what is 3c12751 + 5?
3c12756
In base 9, what is 11436 + -21832?
-10385
In base 9, what is 2 - -111087122?
111087124
In base 8, what is -24621007 - 3?
-24621012
In base 15, what is 0 - -177d55bb?
177d55bb
In base 13, what is 46 - -208506b?
20850b4
In base 16, what is -f4 - -47fb?
4707
In base 15, what is 232b - 209c?
27e
In base 16, what is -807b3 + -16?
-807c9
In base 3, what is 20021221122011 - 1?
20021221122010
In base 16, what is -956f - 3a0?
-990f
In base 13, what is -7230b9 - 7?
-7230c3
In base 13, what is -2265189 - 43?
-22651cc
In base 13, what is -b81548 + 5?
-b81543
In base 4, what is -210131211 - 1122?
-210132333
In base 12, what is -447b103 - -b?
-447b0b4
In base 3, what is 2122 + 11122110?
11202002
In base 10, what is -61 + 1982759?
1982698
In base 13, what is -b + 833a05?
8339c7
In base 13, what is 5 + -b2c758c?
-b2c7587
In base 4, what is -311030101122 - -1?
-311030101121
In base 11, what is 14971a - -356?
149a75
In base 8, what is -1650422 - -135?
-1650265
In base 11, what is 305 + -a6981?
-a6677
In base 4, what is 30302 - -1112312?
1203220
In base 11, what is 35971 + 2a87?
38948
In base 16, what is bedf - -41?
bf20
In base 10, what is 125065 + -115?
124950
In base 12, what is -74 - -346377?
346303
In base 6, what is 154022535 + -105?
154022430
In base 16, what is -29269b + -2?
-29269d
In base 6, what is 113133 + 1111?
114244
In base 12, what is 1b + -14161a?
-1415bb
In base 15, what is a78 - -1573d?
162b6
In base 14, what is -2 + -1076?
-1078
In base 13, what is -1 + -578b819?
-578b81a
In base 10, what is 280933 - -143?
281076
In base 11, what is 209 - -288583?
288791
In base 2, what is -101000000110111110010 - -11?
-101000000110111101111
In base 8, what is 0 + 3231724?
3231724
In base 8, what is -5555 - 5756?
-13533
In base 13, what is -13803 + -120?
-13923
In base 4, what is -31030 - -101210?
10120
In base 3, what is 100210 - -110210000?
111010210
In base 11, what is -676 + 53416?
52850
In base 13, what is -320a501b + 4?
-320a5017
In base 4, what is 10 - 302100101103?
-302100101033
In base 11, what is -13460 - 91?
-13541
In base 3, what is -22002 - -11101012112?
11100220110
In base 2, what is -1001110100000 + -101001010011110?
-110011000111110
In base 2, what is 11 - -100111110000011100100010101?
100111110000011100100011000
In base 3, what is 200122 + 2110001?
10010200
In base 6, what is 2105143 - 4435?
2100304
In base 6, what is 254 + -3011102?
-3010404
In base 4, what is 120230120100 - 1032?
120230113002
In base 5, what is -1102213410 + 100?
-1102213310
In base 16, what is -432d - 400?
-472d
In base 14, what is -201 - -161?
-80
In base 2, what is -1000110 - -100001100111110110?
100001100110110000
In base 11, what is 17289523 + 22?
17289545
In base 8, what is -26645621 - -5?
-26645614
In base 9, what is -66582100 - -28?
-66582061
In base 8, what is 1433611 - 57?
1433532
In base 15, what is -4bc9c775 + -4?
-4bc9c779
In base 9, what is 4 + 1101227?
1101232
In base 9, what is 20 - 1085784?
-1085764
In base 11, what is 1396 - 116a?
227
In base 9, what is -280 + -28837?
-30227
In base 14, what is 0 + -d90585?
-d90585
In base 11, what is 82155012 + -4?
82155009
In base 4, what is -11 - 313100031012?
-313100031023
In base 8, what is 3 - -26705512?
26705515
In base 7, what is -150561150 + 15?
-150561132
In base 4, what is 3111 + -10100030?
-10030313
In base 13, what is 15ba2 + 8a2?
16774
In base 13, what is -161a + -6ba9?
-84c6
In base 16, what is 183 + 25b4d?
25cd0
In base 13, what is 5 + 5ba756?
5ba75b
In base 11, what is -4 - -1a366455?
1a366451
In base 10, what is 109384 + -6?
109378
In base 10, what is -810235 + 19?
-810216
In base 7, what is 60 - -1601553?
1601643
In base 7, what is 23 - 362250?
-362224
In base 2, what is 1 - -10000000010110011101110111010?
10000000010110011101110111011
In base 2, what is -100010 + -1010011111001?
-1010100011011
In base 8, what is -645226135 - 2?
-645226137
In base 7, what is 20 + -214466066?
-214466046
In base 6, what is 3451055342 + 5?
3451055351
In base 12, what is -4284889 - -5?
-4284884
In base 11, what is 1 - -685571?
685572
In base 3, what is 1022100 + 1002111?
2101211
In base 6, what is -24 - 214320021?
-214320045
In base 5, what is -1030110141 - 13?
-1030110204
In base 6, what is 232 + -13030452?
-13030220
In base 5, what is -2103402 - 3144?
-2112101
In base 14, what is 2 - -2d62aa?
2d62ac
In base 11, what is -4 - aa620?
-aa624
In base 5, what is -43014343 + 213?
-43014130
In base 16, what is -e87e9c + -1?
-e87e9d
In base 13, what is -3 - -2c1c9c?
2c1c99
In base 7, what is 146 + -204250?
-204101
In base 9, what is -20868080 + 2?
-20868077
In base 15, what is -e + -11120b?
-11121a
In base 15, what is -3 - 12c473c?
-12c4740
In base 14, what is -5 - 1d4ccdc9?
-1d4ccdd0
In base 9, what is 56126085 - -3?
56126088
In base 11, what is -3 - -26393565?
26393562
In base 2, what is 110010000010010000000100 + 10010?
110010000010010000010110
In base 2, what is -1 + -10000101011011010111111?
-10000101011011011000000
In base 2, what is 1100 + 11001110100011000001000?
11001110100011000010100
In base 8, what is -72 + 55162750?
55162656
In base 13, what is 1 + -c953a?
-c9539
In base 3, what is -11110021002 - -11122202?
-11021121100
In base 4, what is 211 - 233220103321?
-233220103110
In base 12, what is -26 + -a048a?
-a04b4
In base 12, what is 79411 + -b7?
79316
In base 11, what is 11 - -4175640?
4175651
In base 10, what is -2201406 + 3?
-2201403
In base 16, what is 155d + -79d?
dc0
In base 4, what is -111121011 + -3021?
-111130032
In base 6, what is -103303315 + 0?
-103303315
In base 13, what is -4 - -b9218a?
b92186
In base 7, what is 120 - -445666?
446116
In base 5, what is -1 - -420042102102?
420042102101
In base 5, what is -3411 + 214431332?
214422421
In base 6, what is 12115151 + -41?
12115110
In base 15, what is -1a812b + -32?
-1a815d
In base 6, what is 1425 - -21204253?
21210122
In base 7, what is -2 + 636410210?
636410205
In base 13, what is 126 + -20249a?
-202374
In base 9, what is -1075 - -5530?
4444
In base 6, what is -12334 - -11211?
-1123
In base 15, what is 3ed89 + -2c?
3ed5c
In base 10, what is 2 + -6973704?
-6973702
In base 16, what is 2b - b86b1?
-b8686
In base 11, what is -42 - -130226?
130194
In base 11, what is 17 + 769868?
769884
In base 16, what is -524 - 3ba84?
-3bfa8
In base 12, what is b7 + -22850?
-22755
In base 16, what is 71 - -15d74?
15de5
In base 10, what is 33181 + 2018?
35199
In base 2, what is 1101101 + -101000110110010110001?
-101000110110001000100
In base 3, what is -120 + -121121000221?
-121121001111
In base 2, what is 1001100100 + 1001110010111110000?
1001110100001010100
In base 9, what is -3744618 - 186?
-3744815
In base 8, what is -1156740 - -733?
-1156005
In base 7, what is -11426251 + -5?
-11426256
In base 10, what is 11 + -72595795?
-72595784
In base 7, what is 15415621 - -56?
15416010
In base 6, what is 255 + -1355343?
-1355044
In base 11, what is 12 - -617312?
617324
In base 2, what is -10101111011010110111111 - 10?
-10101111011010111000001
In base 16, what is 423e0 + -14?
423cc
In base 2, what is -1000000 + 1111111110111101101?
1111111110110101101
In base 6, what is -13344502053 + 3?
-13344502050
In base 16, what is -c29a9 + -16c?
-c2b15
In base 3, what is -120112201 + 20210011?
-22202120
In base 15, what is 62b0649e - -1?
62b064a0
In base 15, what is -11a94651 + 5?
-11a9464b
In base 10, what is 455001 + -157?
454844
In base 12, what is -36 + -7a3257?
-7a3291
In base 2, what is -11110 - 110011111110000110?
-110011111110100100
In base 3, what is 22222220111011 - -10001?
22222220121012
In base 16, what is -6a - 4a484?
-4a4ee
In base 7, what is -6131243 - 501?
-6132044
In base 3, what is -102112121 + -1201000220?
-2010120111
In base 12, what is a - -58184?
58192
In base 7, what is -2113200621 + 2?
-2113200616
In base 7, what is 265053 + -662?
264061
In base 4, what is 133123011 + 120322?
133303333
In base 10, w